{"id":391,"date":"2023-01-17T15:10:16","date_gmt":"2023-01-17T15:10:16","guid":{"rendered":"https:\/\/www.eforpro.it\/it\/?page_id=391"},"modified":"2023-01-17T15:12:49","modified_gmt":"2023-01-17T15:12:49","slug":"operatore-allassistenza-educativa-ai-disabili","status":"publish","type":"page","link":"https:\/\/www.eforpro.it\/it\/corsi-regionali\/operatore-allassistenza-educativa-ai-disabili\/","title":{"rendered":"operatore all&#8217;assistenza educativa ai disabili"},"content":{"rendered":"\t\t<div data-elementor-type=\"wp-page\" data-elementor-id=\"391\" class=\"elementor elementor-391\" data-elementor-post-type=\"page\">\n\t\t\t\t\t\t<section class=\"elementor-section elementor-top-section elementor-element elementor-element-d3dd81e elementor-section-boxed elementor-section-height-default elementor-section-height-default\" data-id=\"d3dd81e\" data-element_type=\"section\" data-e-type=\"section\">\n\t\t\t\t\t\t<div class=\"elementor-container elementor-column-gap-default\">\n\t\t\t\t\t<div class=\"elementor-column elementor-col-100 elementor-top-column elementor-element elementor-element-e1c1b5b\" data-id=\"e1c1b5b\" data-element_type=\"column\" data-e-type=\"column\">\n\t\t\t<div class=\"elementor-widget-wrap elementor-element-populated\">\n\t\t\t\t\t\t<div class=\"elementor-element elementor-element-1a02b7f elementor-widget elementor-widget-text-editor\" data-id=\"1a02b7f\" data-element_type=\"widget\" data-e-type=\"widget\" data-widget_type=\"text-editor.default\">\n\t\t\t\t<div class=\"elementor-widget-container\">\n\t\t\t\t\t\t\t\t\t<p><b>Operatore all&#8217;assistenza educativa ai disabili<br \/>Livello EQF 3<br \/>Settore Economico Professionale SEP 19 &#8211; Servizi socio-sanitari<\/b><br \/>Area di Attivit\u00e0 <br \/>&#8211; Servizio di assistenza all&#8217;autonomia, all&#8217;intergrazione e alla comunicazione delle persone in et\u00e0 scolastica con disabilit\u00e0<br \/>&#8211; Realizzazione di interventi di riabilitazione pedagogico-educativa per soggetti in et\u00e0 minorile, soggetti con disabilit\u00e0 e\/o disagio sociale<br \/>Descrizione sintetica <br \/>L&#8217;operatore dell&#8217;assistenza educativa ai disabili \u00e8 in grado di offrire assistenza alle attivit\u00e0 socio-educative per disabili, supportando gli educatori nella realizzazione di laboratori didattico &#8211; creativi, e nella preparazione di materiali educativi e di gioco, nell&#8217;accompagnamento e nella cura dei bisogni fondamentali (vestizione, pulizia, igiene, ecc.) e di sicurezza del disabile. Pu\u00f2 lavorare con contratto di lavoro dipendente o come lavoratore autonomo con contratti di collaborazione presso strutture pubbliche e private che erogano servizi socio educativi per disabili, assumendosi la responsabilit\u00e0 dei propri compiti. Nello svolgimento del suo lavoro, si raccorda con il personale educatore<br \/><b>Durata minima complessiva del percorso (ore) <br \/><\/b>600 ore di cui 240 ore in aula e 360 ore di stage preso strutture educative accreditate<\/p><p><b>Requisiti minimi di ingresso dei partecipanti <br \/><\/b>Possesso di titolo attestante l&#8217;assolvimento dell&#8217;obbligo di istruzione. I prosciolti da tale obbligo e i maggiori di anni 16 possono accedere al corso previo accertamento del possesso delle competenze connesse all\u2019obbligo di istruzione, fatto salvo quanto disposto alla voce &#8220;Gestione dei crediti formativi&#8221;. Per quanto riguarda coloro che hanno conseguito un titolo di studio all\u2019estero occorre presentare una dichiarazione di valore o un documento equipollente\/corrispondente che attesti il livello del titolo medesimo. Per i cittadini stranieri \u00e8 inoltre necessario il possesso di un attestato, riconosciuto a livello nazionale e internazionale, di conoscenza della lingua italiana ad un livello non inferiore all\u2019A2 del QCER. In alternativa, tale conoscenza deve essere verificata attraverso un test di ingresso da conservare agli atti del soggetto formatore. Sono dispensati dalla presentazione dell\u2019attestato i cittadini stranieri che abbiano conseguito il diploma di scuola secondaria di primo grado o superiore presso un istituto scolastico appartenente al sistema italiano di istruzione. Tutti i requisiti devono essere posseduti e documentati dal corsista al soggetto formatore entro l&#8217;inizio delle attivita&#8217;. Non e&#8217; ammessa alcuna deroga.<\/p><p><b>Esame finale pubblico in conformit\u00e0 alle disposizioni regionali vigenti.<\/b><\/p>\t\t\t\t\t\t\t\t<\/div>\n\t\t\t\t<\/div>\n\t\t\t\t\t<\/div>\n\t\t<\/div>\n\t\t\t\t\t<\/div>\n\t\t<\/section>\n\t\t\t\t<\/div>\n\t\t","protected":false},"excerpt":{"rendered":"<p>Operatore all&#8217;assistenza educativa ai disabiliLivello EQF 3Settore Economico Professionale SEP 19 &#8211; Servizi socio-sanitariArea di Attivit\u00e0 &#8211; Servizio di assistenza all&#8217;autonomia, all&#8217;intergrazione e alla comunicazione delle persone in et\u00e0 scolastica con disabilit\u00e0&#8211; Realizzazione di interventi di riabilitazione pedagogico-educativa per soggetti in et\u00e0 minorile, soggetti con disabilit\u00e0 e\/o disagio socialeDescrizione sintetica L&#8217;operatore dell&#8217;assistenza educativa ai disabili [&hellip;]<\/p>\n","protected":false},"author":1,"featured_media":0,"parent":19,"menu_order":6,"comment_status":"closed","ping_status":"closed","template":"elementor_header_footer","meta":{"footnotes":""},"class_list":["post-391","page","type-page","status-publish","hentry"],"_links":{"self":[{"href":"https:\/\/www.eforpro.it\/it\/wp-json\/wp\/v2\/pages\/391","targetHints":{"allow":["GET"]}}],"collection":[{"href":"https:\/\/www.eforpro.it\/it\/wp-json\/wp\/v2\/pages"}],"about":[{"href":"https:\/\/www.eforpro.it\/it\/wp-json\/wp\/v2\/types\/page"}],"author":[{"embeddable":true,"href":"https:\/\/www.eforpro.it\/it\/wp-json\/wp\/v2\/users\/1"}],"replies":[{"embeddable":true,"href":"https:\/\/www.eforpro.it\/it\/wp-json\/wp\/v2\/comments?post=391"}],"version-history":[{"count":4,"href":"https:\/\/www.eforpro.it\/it\/wp-json\/wp\/v2\/pages\/391\/revisions"}],"predecessor-version":[{"id":396,"href":"https:\/\/www.eforpro.it\/it\/wp-json\/wp\/v2\/pages\/391\/revisions\/396"}],"up":[{"embeddable":true,"href":"https:\/\/www.eforpro.it\/it\/wp-json\/wp\/v2\/pages\/19"}],"wp:attachment":[{"href":"https:\/\/www.eforpro.it\/it\/wp-json\/wp\/v2\/media?parent=391"}],"curies":[{"name":"wp","href":"https:\/\/api.w.org\/{rel}","templated":true}]}}

<div data-elementor-type="wp-page" data-elementor-id="391" class="elementor elementor-391" data-elementor-post-type="page">
						<section class="elementor-section elementor-top-section elementor-element elementor-element-d3dd81e elementor-section-boxed elementor-section-height-default elementor-section-height-default" data-id="d3dd81e" data-element_type="section" data-e-type="section">
						<div class="elementor-container elementor-column-gap-default">
					<div class="elementor-column elementor-col-100 elementor-top-column elementor-element elementor-element-e1c1b5b" data-id="e1c1b5b" data-element_type="column" data-e-type="column">
			<div class="elementor-widget-wrap elementor-element-populated">
						<div class="elementor-element elementor-element-1a02b7f elementor-widget elementor-widget-text-editor" data-id="1a02b7f" data-element_type="widget" data-e-type="widget" data-widget_type="text-editor.default">
				<div class="elementor-widget-container">
									<p><b>Operatore all&#8217;assistenza educativa ai disabili<br />Livello EQF 3<br />Settore Economico Professionale SEP 19 &#8211; Servizi socio-sanitari</b><br />Area di Attività <br />&#8211; Servizio di assistenza all&#8217;autonomia, all&#8217;intergrazione e alla comunicazione delle persone in età scolastica con disabilità<br />&#8211; Realizzazione di interventi di riabilitazione pedagogico-educativa per soggetti in età minorile, soggetti con disabilità e/o disagio sociale<br />Descrizione sintetica <br />L&#8217;operatore dell&#8217;assistenza educativa ai disabili è in grado di offrire assistenza alle attività socio-educative per disabili, supportando gli educatori nella realizzazione di laboratori didattico &#8211; creativi, e nella preparazione di materiali educativi e di gioco, nell&#8217;accompagnamento e nella cura dei bisogni fondamentali (vestizione, pulizia, igiene, ecc.) e di sicurezza del disabile. Può lavorare con contratto di lavoro dipendente o come lavoratore autonomo con contratti di collaborazione presso strutture pubbliche e private che erogano servizi socio educativi per disabili, assumendosi la responsabilità dei propri compiti. Nello svolgimento del suo lavoro, si raccorda con il personale educatore<br /><b>Durata minima complessiva del percorso (ore) <br /></b>600 ore di cui 240 ore in aula e 360 ore di stage preso strutture educative accreditate</p><p><b>Requisiti minimi di ingresso dei partecipanti <br /></b>Possesso di titolo attestante l&#8217;assolvimento dell&#8217;obbligo di istruzione. I prosciolti da tale obbligo e i maggiori di anni 16 possono accedere al corso previo accertamento del possesso delle competenze connesse all’obbligo di istruzione, fatto salvo quanto disposto alla voce &#8220;Gestione dei crediti formativi&#8221;. Per quanto riguarda coloro che hanno conseguito un titolo di studio all’estero occorre presentare una dichiarazione di valore o un documento equipollente/corrispondente che attesti il livello del titolo medesimo. Per i cittadini stranieri è inoltre necessario il possesso di un attestato, riconosciuto a livello nazionale e internazionale, di conoscenza della lingua italiana ad un livello non inferiore all’A2 del QCER. In alternativa, tale conoscenza deve essere verificata attraverso un test di ingresso da conservare agli atti del soggetto formatore. Sono dispensati dalla presentazione dell’attestato i cittadini stranieri che abbiano conseguito il diploma di scuola secondaria di primo grado o superiore presso un istituto scolastico appartenente al sistema italiano di istruzione. Tutti i requisiti devono essere posseduti e documentati dal corsista al soggetto formatore entro l&#8217;inizio delle attivita&#8217;. Non e&#8217; ammessa alcuna deroga.</p><p><b>Esame finale pubblico in conformità alle disposizioni regionali vigenti.</b></p>								</div>
				</div>
					</div>
		</div>
					</div>
		</section>
				</div>

<p>Operatore all&#8217;assistenza educativa ai disabiliLivello EQF 3Settore Economico Professionale SEP 19 &#8211; Servizi socio-sanitariArea di Attività &#8211; Servizio di assistenza all&#8217;autonomia, all&#8217;intergrazione e alla comunicazione delle persone in età scolastica con disabilità&#8211; Realizzazione di interventi di riabilitazione pedagogico-educativa per soggetti in età minorile, soggetti con disabilità e/o disagio socialeDescrizione sintetica L&#8217;operatore dell&#8217;assistenza educativa ai disabili [&hellip;]</p>
